{"id":487,"date":"2022-10-28T07:05:52","date_gmt":"2022-10-28T07:05:52","guid":{"rendered":"https:\/\/thecealbrand.es\/?page_id=487"},"modified":"2023-02-09T16:14:06","modified_gmt":"2023-02-09T16:14:06","slug":"envios","status":"publish","type":"page","link":"https:\/\/thecealbrand.es\/index.php\/envios\/","title":{"rendered":"Env\u00edos"},"content":{"rendered":"\n<p class=\"has-background\" style=\"background-color:#f78da847\"><strong>Env\u00edos en Espa\u00f1a<\/strong><\/p>\n\n\n\n<p>\u00b7&nbsp;Env\u00edo est\u00e1ndar 4,50\u20ac. Gratuito para pedidos a partir de 40\u20ac<\/p>\n\n\n\n<p>\u00b7&nbsp;El plazo estimado de entrega oscilar\u00e1 entre 2-3 d\u00edas laborables, dependiendo de la direcci\u00f3n de entrega y del stock de nuestros art\u00edculos.<\/p>\n\n\n\n<p>\u00b7&nbsp;El transporte se realizar\u00e1 a trav\u00e9s de la empresa de transporte Envialia.<\/p>\n\n\n\n<p>\u00b7&nbsp;El seguimiento de los pedidos se har\u00e1 a trav\u00e9s del enlace que enviaremos por correo electr\u00f3nico. <\/p>\n\n\n\n<p>\u00b7 No se tramitar\u00e1n env\u00edos a Islas Canarias, Baleares, Ceuta y Melilla.<\/p>\n\n\n\n<p><\/p>\n\n\n\n<p class=\"has-background\" style=\"background-color:#f78da847\"><strong>Env\u00edos en Portugal<\/strong><\/p>\n\n\n\n<p>\u00b7\u00a0Env\u00edo est\u00e1ndar 7,00\u20ac. Gratuito para pedidos a partir de 70\u20ac.<\/p>\n\n\n\n<p>\u00b7&nbsp;El plazo estimado de entrega oscilar\u00e1 entre 3-6 d\u00edas laborables, dependiendo de la direcci\u00f3n de entrega y del stock de nuestros art\u00edculos.<\/p>\n\n\n\n<p>\u00b7&nbsp;El transporte se realizar\u00e1 a trav\u00e9s de la empresa de transporte Envialia.<\/p>\n\n\n\n<p>\u00b7&nbsp;El seguimiento de los pedidos se har\u00e1 a trav\u00e9s del enlace que enviaremos por correo electr\u00f3nico. <\/p>\n\n\n\n<p><\/p>\n\n\n\n<p class=\"has-background\" style=\"background-color:#f78da847\"><strong>M\u00e1s informaci\u00f3n de env\u00edos<\/strong><\/p>\n\n\n\n<p>\u00b7&nbsp;No se tramitan env\u00edos contra reembolso.<\/p>\n\n\n\n<p>\u00b7&nbsp;En caso que el transporte realice varios intentos de entrega al cliente sin \u00e9xito, el paquete permanecer\u00e1 durante varios d\u00edas en la oficina del transporte. Si finalmente no se reclama\/recoge por parte del cliente, el paquete ser\u00e1 devuelto a nuestras instalaciones y se descontar\u00e1 del reembolso los costes correspondientes de la devoluci\u00f3n.<\/p>\n","protected":false},"excerpt":{"rendered":"<p>Env\u00edos en Espa\u00f1a \u00b7&nbsp;Env\u00edo est\u00e1ndar 4,50\u20ac. Gratuito para pedidos a partir de 40\u20ac \u00b7&nbsp;El plazo estimado de entrega oscilar\u00e1 entre 2-3 d\u00edas laborables, dependiendo de la direcci\u00f3n de entrega y del stock de nuestros art\u00edculos. \u00b7&nbsp;El transporte se realizar\u00e1 a trav\u00e9s de la empresa de transporte Envialia. \u00b7&nbsp;El seguimiento de&hellip;<\/p>\n","protected":false},"author":1,"featured_media":0,"parent":0,"menu_order":0,"comment_status":"closed","ping_status":"closed","template":"","meta":{"footnotes":""},"class_list":["post-487","page","type-page","status-publish","hentry"],"jetpack_sharing_enabled":true,"_links":{"self":[{"href":"https:\/\/thecealbrand.es\/index.php\/wp-json\/wp\/v2\/pages\/487","targetHints":{"allow":["GET"]}}],"collection":[{"href":"https:\/\/thecealbrand.es\/index.php\/wp-json\/wp\/v2\/pages"}],"about":[{"href":"https:\/\/thecealbrand.es\/index.php\/wp-json\/wp\/v2\/types\/page"}],"author":[{"embeddable":true,"href":"https:\/\/thecealbrand.es\/index.php\/wp-json\/wp\/v2\/users\/1"}],"replies":[{"embeddable":true,"href":"https:\/\/thecealbrand.es\/index.php\/wp-json\/wp\/v2\/comments?post=487"}],"version-history":[{"count":9,"href":"https:\/\/thecealbrand.es\/index.php\/wp-json\/wp\/v2\/pages\/487\/revisions"}],"predecessor-version":[{"id":847,"href":"https:\/\/thecealbrand.es\/index.php\/wp-json\/wp\/v2\/pages\/487\/revisions\/847"}],"wp:attachment":[{"href":"https:\/\/thecealbrand.es\/index.php\/wp-json\/wp\/v2\/media?parent=487"}],"curies":[{"name":"wp","href":"https:\/\/api.w.org\/{rel}","templated":true}]}}